isor of n and 21.
3
Suppose 5*c = 5*d + 410, d = 3*d - 6. Let z be 3*(2/11 - (-7602)/1386). What is the greatest common factor of c and z?
17
Let k be (672/20)/(-2)*(-220)/11. What is the highest common factor of k and 560?
112
Let l(s) = 6*s**2 + 4*s - 5. Let v be l(-6). Suppose 3*t + b - 56 = 0, 2*b + 46 = 56. Calculate the greatest common divisor of t and v.
17
Let y = -44 + 62. Let c = -1 + 6. Suppose 0 = 5*p - 2*n - 127, c*n - 4 = 16. What is the greatest common divisor of p and y?
9
Let f(a) = -8*a - 5. Let x be f(-2). Let u = x - -1. Let i(s) = 3*s - 27. Let y be i(u). Calculate the greatest common factor of y and 81.
9
Let k(g) = g**3 - 40*g**2 - 42*g + 46. Let r be k(41). Calculate the highest common factor of r and 280.
5
Suppose 0 = 2*s - 20 - 76. Suppose -5*o - 5*k + 0*k = -55, -4*o = -3*k - 51. Calculate the highest common divisor of o and s.
12
Suppose 44*d - 48*d = -q + 47, 298 = 5*q + d. What is the greatest common factor of 59 and q?
59
Let a(m) = m**3 - 14*m**2 + 14*m - 15. Let h be a(13). Let y = h + 10. Suppose 0 = s - 3 - 5. Calculate the highest common factor of y and s.
8
Suppose 5*o - 33 = -i + 5, 0 = -4*i - 2*o + 98. What is the highest common divisor of 667 and i?
23
Suppose -33 = -y + 88. Suppose t - 6 = -3. Suppose 3*i - m = 35, -t*i - i - 2*m + 40 = 0. Calculate the greatest common divisor of y and i.
11
Let d(x) = -121*x + 76. Let l be d(-2). What is the highest common factor of 106 and l?
106
Suppose -4*m - 4 = -16. Suppose 23 = k + m*c, -4 = -c - 3. What is the greatest common factor of 30 and k?
10
Let w be 9 + ((-6)/4)/((-18)/24). Let h be (w + -10)/((-2)/(-26)). Let c be 65*5/((-25)/(-4)). What is the greatest common divisor of h and c?
13
Let j(h) be the second derivative of -2*h**3/3 - 5*h**2/2 + 13*h. Let x be j(-8). Calculate the highest common divisor of 135 and x.
27
Let q(v) = 71*v + 22. Let g be q(4). Calculate the greatest common divisor of 18 and g.
18
Let s = 8 + -17. Let x = s - -13. Calculate the highest common factor of 36 and x.
4
Let u be 357/9 - ((-14)/(-3) + -4). Suppose 4*n - 28 - 24 = 0. Calculate the highest common factor of u and n.
13
Suppose 2*n = -5 + 1. Let b be 3/n*(-80)/12. Let i be -1 + b/(0 - -2). Calculate the highest common divisor of 36 and i.
4
Let f be (9/4)/((-33)/(-88)). Suppose -f*v = -v - 145. Suppose 4*y - 3*z - v = -4, -y + z = -5. Calculate the highest common divisor of y and 1.
1
Suppose -6*u = -38*u + 4992. Calculate the greatest common divisor of u and 26.
26
Let k be (-4)/(-30) - 122581/(-555). What is the highest common divisor of k and 13?
13
Suppose 0 = -5*y + 5*q + 40, -5*y + 3*q = -9*y + 25. Calculate the greatest common divisor of 203 and y.
7
Suppose 221*z = 200*z + 9975. What is the highest common factor of z and 38?
19
Suppose 0 = 5*q + 3*g - 150, 125 = -5*q + 10*q - 2*g. Calculate the highest common divisor of q and 1.
1
Let s be (-1 - -3)/(-3 + 364/124). Let p = s - -37. What is the highest common factor of p and 9?
3
Let o(h) = -h**3 - 3*h**2 + 5*h - 5. Let n be o(-5). Suppose 0*j = -j + n. Let y be ((-280)/12)/(-7)*6. What is the highest common factor of y and j?
20
Let b(n) = -2*n + 83. Let o be b(34). What is the greatest common factor of 1185 and o?
15
Let c(g) = -g**2 + 42*g + 169. Let w be c(42). What is the greatest common factor of 13 and w?
13
Suppose -2*q = -5*d - 87, 106 + 50 = 4*q - 4*d. Let j(u) = -2*u + 1. Let w be j(2). Let z = w - -7. Calculate the greatest common divisor of q and z.
4
Let s be ((-6)/(-1))/(70/280). What is the greatest common divisor of s and 128?
8
Let s = 9 + -27. Let c = s - -26. Let w be 91 + ((-18)/(-2))/(-3). What is the greatest common factor of c and w?
8
Let j(h) = 4*h - 137. Let l be j(35). What is the greatest common factor of 1 and l?
1
Let c(h) be the first derivative of -6 + 1/2*h**2 + 27*h. Let n be c(-7). Calculate the greatest common divisor of n and 10.
10
Let y = 95 + 323. Calculate the highest common divisor of y and 44.
22
Let z be 12/28 + (-2104)/(-56). Calculate the greatest common factor of z and 133.
19
Suppose -s + 4 = -4*r + 119, 5*s = -15. What is the highest common factor of r and 126?
14
Suppose -g - 3 = 1. Let b = g - -15. Let c = -69 - -124. What is the greatest common divisor of b and c?
11
Suppose -202 + 140 = -2*c. What is the highest common factor of c and 217?
31
Let n = 90 - 21. Suppose t - 4*l = 20, -3*t + 3*l + n = -0*t. Let m = -6 + 18. Calculate the highest common factor of m and t.
12
Suppose 320 = 5*s + 5*x, 28*x + 329 = 5*s + 24*x. Calculate the highest common divisor of 26 and s.
13
Let n(y) = 2*y**2 - 4*y + 1. Let t be n(-3). Suppose 0 = 3*r - 7 + 1. Let l be r/13 - (-10065)/65. What is the highest common factor of t and l?
31
Suppose -2*a + 4*a - 66 = 0. Let w(o) = o**3 + 6*o**2 - 7*o + 11. Let y be w(-7). What is the highest common factor of y and a?
11
Let v = -30 + 29. Let c be (-152)/(-12) + v/(-3). What is the greatest common factor of 117 and c?
13
Suppose b = -4*r + 576, -b = -4*r - 3*b + 580. Let g = 40 - 27. What is the highest common divisor of g and r?
13
Let w = -253 - -361. Suppose -14 = -7*r + 14. Suppose -5*c + 36 = h - c, w = 5*h - r*c. What is the highest common factor of h and 16?
8
Suppose 4*n - 9 = -3*y, 4*n = -2*y + 9 - 3. Suppose n*x - 20 = 5*x. Let h be 45/4 + x/16. Calculate the greatest common factor of h and 121.
11
Let m be (8 - (23 - 11)) + 268. Calculate the greatest common divisor of 330 and m.
66
Suppose 0 = -b + 2*s - 1, -b - 4*s + 2 = -3. Let p be b - -3 - (-2 - -1). Suppose 41 = -p*q + 176. Calculate the greatest common divisor of 18 and q.
9
Suppose 8*v - 4*v - 560 = 0. What is the greatest common factor of v and 28?
28
Suppose 10*q - 1919 = -299. Calculate the greatest common factor of 18 and q.
18
Let s(g) = 4*g**2 + 6*g - 12. Let t be s(-6). What is the greatest common divisor of 168 and t?
24
Let o(s) = 3*s**2 + 3*s + 4. Suppose -2*d + 5 = 2*q + 11, -3*d - 1 = q. Let p be o(q). Let y = -21 - -37. Calculate the greatest common divisor of y and p.
8
Let i(u) = -u**2 + 2*u + 4. Let g be i(3). Let c = g - -3. Let q = -4790 + 4834. Calculate the highest common divisor of c and q.
4
Suppose 3*g - 35 = 13. Let b be 64/(-10)*(-1 - 19). What is the greatest common factor of g and b?
16
Suppose 120*d = 116*d. Suppose d = 12*s + 587 - 3287. What is the greatest common factor of 45 and s?
45
Suppose 7*d = 9*d - 640. Suppose -32 = 2*a - d. What is the highest common factor of 12 and a?
12
Suppose -9380 = -38*n + 28*n. Calculate the greatest common divisor of 28 and n.
14
Let t = -19 + 44. What is the highest common divisor of 300 and t?
25
Suppose 2 = 4*b - 6*b. Suppose -3*p = 63 - 48. Let h = b - p. What is the highest common divisor of 36 and h?
4
Let d = 115 + -51. Let y = -26 + d. Suppose -2*i + y = -3*p, 0 = 5*i + 3*p - 4*p - 82. What is the highest common divisor of i and 176?
16
Let h(j) = 4*j - 8. Let l be h(-6). Let f be 80/l*(-26)/5. Let s = -55 + 107. What is the greatest common divisor of s and f?
13
Let r be (-24)/4*24/(0 + -4). Let j be (((-1)/1)/((-2)/r))/1. What is the highest common divisor of j and 162?
18
Let f be (-1*5)/(16/(-16)). Suppose 0 = -f*m + 3*p + 78, 0 = 7*m - 3*m + p - 59. Calculate the highest common factor of m and 60.
15
Suppose -5*c = 10, -6*t + c = -10*t + 658. What is the highest common factor of t and 30?
15
Let g = 8 + -14. Let v(o) = o**2 + 5*o - 5. Let h be v(g). Let n be (12 - 2 - 3) + h. What is the greatest common divisor of 8 and n?
8
Let g(q) = 3*q**2 - q + 1. Let n be g(1). Let a = 2 + n. Let p = a - -9. What is the greatest common factor of 126 and p?
14
Let z = 288 + -160. What is the highest common factor of z and 96?
32
Let p = 26 - 22. Suppose -3*x - 2*a = p - 24, -5*a = 2*x - 17. Calculate the greatest common factor of 2 and x.
2
Suppose 42 = 2*w + 4*n, -2*w - 2*n + 40 = -0*w. Let r = -521 + 654. Calculate the greatest common factor of w and r.
19
Let f be (-2)/7 + ((-121)/(-7) - 4). Let t = f - 3. Suppose p + p = 4. What is the greatest common divisor of t and p?
2
Let o = 4544 + -2409. Calculate the highest common divisor of o and 35.
35
Let q = 4 - -22. Suppose -16*w + q + 38 = 0. What is the highest common factor of w and 68?
4
Let m be (-438)/(-26) - 4/(-26). Suppose -2*y - 22 + 100 =